-2*1)/((-2)/3). Suppose o*w + 3*x - 12 = -0*x, 4*x - 4 = 0. List the prime factors of 1/(w/39) - 2.
11
Let b be (-12 + 2 + 0)/(-2). Suppose u + 3*w = -b, -3*w + 13 = 3*u - 2. List the prime factors of u.
2, 5
Let j(s) = 34*s**2 - 2*s - 1. Suppose 0 = y - 2 + 3. Let n be j(y). What are the prime factors of n/2 - (-1)/(-2)?
17
Let j(h) = -h**2 + 5*h + 6. Let y be j(6). Suppose 2*k = -y*r + 3*r - 14, 0 = 3*r + 5*k + 14. Suppose l + 3 = c, c - r*c + 2*l = 1. List the prime factors of c.
7
List the prime factors of (-1)/3 - 212/(-6).
5, 7
Let h(r) = 6*r - r**2 + 2*r**2 + 8 + 2*r. Let o be h(-6). Let i = 8 - o. What are the prime factors of i?
2, 3
What are the prime factors of 3/9 - (82/(-6) + 1)?
13
Suppose 0 = -3*l + 12. Let o = 8 - 6. Suppose o*s = l*i - 28, -4*i + 14 = -s - 16. What are the prime factors of i?
2
Let n(k) = 38*k + 2. List the prime factors of n(1).
2, 5
Suppose 2*h + 340 = 3*n, n - 2*h + h - 115 = 0. List the prime factors of n.
2, 5, 11
Let c be 5/(-35) - 41/7. Let q(z) = -2*z - 1. List the prime factors of q(c).
11
Let c be (-1)/(-2) - 20/8. Suppose 18 + 2 = -5*h - i, 0 = -5*h + 5*i - 50. Let v = c - h. What are the prime factors of v?
3
Suppose -2*w = -0*c - 5*c + 242, 0 = -5*c + 4*w + 234. Suppose c = 3*f - 8*f. What are the prime factors of 198/30 + (-4)/f?
7
Let o(l) = -l**3 - 4*l**2 + 5*l. Let h be o(-5). Suppose h*q + 72 = 3*q. List the prime factors of q.
2, 3
Let a = 114 + -73. Suppose -4*r + 3*x = x - 74, -r + 5*x = -a. What are the prime factors of r?
2
What are the prime factors of ((-4)/3)/((-10)/135)?
2, 3
Let b(w) = -3*w**3 - w**2 + 2*w. Let z be b(-2). What are the prime factors of z - 3*(-1)/(-3)?
3, 5
Suppose -4*t + 0*t = -32. Suppose 40 = t*d - 4*d. What are the prime factors of d?
2, 5
Let g(f) = f**3 - 7*f**2 + 7*f - 4. Let b be g(6). Suppose h + b = 5. List the prime factors of h.
3
Let p = 0 - -2. What are the prime factors of ((-3)/p)/((-3)/18)?
3
Suppose -3 - 12 = -5*n. Suppose -14 = -n*s - 80. Let u = 39 + s. List the prime factors of u.
17
Let d(s) = 8*s**3 + s**2 - s + 1. Let v be d(1). Suppose -2*c + 3*h = -v, c + 4*c = 4*h + 5. List the prime factors of (-1 - c/9)*-9.
2, 3
Suppose p + k - 2*k = -6, -3*p - 22 = -2*k. Let u(z) = -3*z - 6. Let o be u(p). Suppose -g - 2 = 0, -o = -3*y - 2*y + 2*g. What are the prime factors of y?
2
Let m be (1/(-2))/(1/(-8)). Suppose 15 = 8*h - 3*h. Suppose -k - 9 = -h*k + 5*r, -57 = -m*k - 3*r. What are the prime factors of k?
2, 3
Suppose h + 3*h - 256 = 4*a, -12 = 4*a. What are the prime factors of h?
61
Let w = -4 - -8. Suppose 0 = 3*v + 3*d - 21 - 3, 3*d = -w*v + 27. List the prime factors of v.
3
List the prime factors of 298/3 - (6 - 34/6).
3, 11
Suppose -2 = 5*m - 3*m. What are the prime factors of (-9)/(-4) + m/4?
2
Let q = -107 - -225. What are the prime factors of q?
2, 59
Let z(m) = m**3 + 3*m**2 - 5*m. List the prime factors of z(-4).
2
Suppose 3*x - 110 - 39 = 5*c, 0 = 4*x + 2*c - 242. What are the prime factors of (x/3)/(2/3)?
29
Let b(t) = 43*t - 2. What are the prime factors of b(1)?
41
Let w = -9 - -15. List the prime factors of w.
2, 3
Suppose -j - 3*w - 9 = 0, -5*w - 24 = 5*j + 1. Let g be (j - -2) + (1 - -10). Let v = -2 + g. List the prime factors of v.
2
Let t(f) = f**3 - 3*f**2 - f - 1. Let n be t(5). What are the prime factors of (-1)/((-2)/n*1)?
2, 11
Let a = -73 + 115. What are the prime factors of a?
2, 3, 7
Let g be (-2)/(-2*(-1)/3). Let p be ((-1)/(-1))/((-1)/g). Suppose 2*q - 3*r = 8, 0 = -2*q - p*q - 5*r + 45. List the prime factors of q.
7
Let t(b) = -7*b + 1. Let p be t(-2). Suppose 2*z = -4*x + 48, -p = -x - z - 4. List the prime factors of x.
13
Let a = -37 + 463. List the prime factors of a.
2, 3, 71
Suppose 2*z + 2*t + 14 = 4*z, 2*z + t + 1 = 0. Let k = z + -1. Let f = 3 + k. What are the prime factors of f?
2
Let w(i) = -i**3 + 12*i**2 + 13*i + 4. Let u(l) = 2*l**2 + 4*l - 3. Let y be u(-4). List the prime factors of w(y).
2
Suppose 0 = g - 3*n - 53, 2*g = -6*n + 2*n + 96. Suppose 4*p - g = -p. Let i = p - 5. List the prime factors of i.
5
Suppose 2*o = -3*w + 5*w - 4, w + 2*o - 11 = 0. List the prime factors of (6/w)/((-4)/(-10)).
3
Let y be (6/(-9))/(6/(-45)). What are the prime factors of (1 - (-7)/y)*5?
2, 3
Let i = 8 - 5. Let x = 8 - i. List the prime factors of x.
5
Suppose -161 = 3*t + 55. Let g = t + 103. List the prime factors of g.
31
Let c = 11 - 25. Let h = c + 25. List the prime factors of h.
11
Suppose -5*n = 4*c - 70 - 56, 0 = -4*c - 3*n + 122. Let y = -14 + c. What are the prime factors of y*2*6/20?
3
Suppose -30 = 4*w + w. Let z(h) = -h**2 - 7*h - 3. What are the prime factors of z(w)?
3
Suppose 0 = g - o - 85, -10*g + 372 = -6*g + 4*o. List the prime factors of g.
89
List the prime factors of (3 - 16/6)*42.
2, 7
Let b be ((-160)/6)/(-4)*3. Suppose -b = u - 6*u. List the prime factors of u.
2
Let l be (-1 + 2)*7/1. Suppose -35 + l = -4*a. List the prime factors of a.
7
Let o(l) = 3*l - 1. Let v be o(9). Let w = -9 + v. What are the prime factors of w?
17
Let s be (-45)/7 - (-3)/7. List the prime factors of (s + 1)*12/(-4).
3, 5
Let r(c) = 50*c - 49. List the prime factors of r(4).
151
Suppose 4*d = 3*p + 8, -4*d = -5 - 15. Let n(m) = m**2 - 3*m + 3. List the prime factors of n(p).
7
Let g = 372 + -202. What are the prime factors of g?
2, 5, 17
Let z = -35 - -38. Suppose -2*k + 5 + 1 = 0. Suppose -z*y + k*d + 96 = y, 3*y - 67 = d. List the prime factors of y.
3, 7
Let x = 22 + -16. Suppose 2*b + 156 = x*b. List the prime factors of b.
3, 13
Let j = 17 + -21. Let b = 28 + j. List the prime factors of b.
2, 3
Suppose 2*m - m = 19. Suppose 2*p = -5*g + 27, -5*p + m = 4*g - 6*p. List the prime factors of g.
5
Let p(o) = o**2 + 1. Suppose -2*r - r - 6 = 0. Let u be p(r). Suppose -5*h + 3*c + 53 = 0, -3*h - 5*c = -30 + u. What are the prime factors of h?
2, 5
Suppose 20 + 26 = -2*d. Let c = d - -44. Suppose -c = -5*w + 44. What are the prime factors of w?
13
Let n = 338 - 192. What are the prime factors of n?
2, 73
Let k(x) = x**2 - 9*x - 13. Let f be k(10). Let i(r) = -r**3 - 2*r**2 - 3*r + 4. List the prime factors of i(f).
2, 11
Suppose -4*m + 32 = -3*m. List the prime factors of 4/10 + m/20.
2
Let q = 45 - 67. Let v = -26 - -57. Let g = v + q. What are the prime factors of g?
3
Let d(v) = -v**3 + 7*v**2 - 4*v - 8. Let i be d(6). What are the prime factors of (i/(-10))/((-4)/100)?
2, 5
Let l = -141 - -467. List the prime factors of l.
2, 163
Let t(q) = 25*q**3. Let l be t(1). Let b(s) = -s**2 + 8*s - 3. Let z be b(7). Suppose z*g = -g + l. What are the prime factors of g?
5
Suppose 6*g = -580 + 1522. What are the prime factors of g?
157
Suppose 5*d - u - 322 = 0, 4*d = 2*u + 70 + 184. List the prime factors of d.
5, 13
Suppose c - 4*m = 22, -m + 6*m + 38 = 3*c. Suppose 63 = c*w - 3*w. Let x = w - 13. What are the prime factors of x?
2
Let i = 303 + -202. List the prime factors of i.
101
Let d = 68 - 18. What are the prime factors of d?
2, 5
Suppose 0*a + 138 = 2*a + 4*v, -v - 179 = -3*a. List the prime factors of a.
61
Let s(j) = j**3 + 16*j**2 + 13*j + 13. List the prime factors of s(-15).
43
Let c be 3/(-3)*-1 - -1. Suppose c*w = -w - 9. Let f = w + 6. List the prime factors of f.
3
Suppose 0*x = -5*a - 2*x - 14, -4*x - 4 = -2*a. What are the prime factors of (-57)/a - 1/2?
2, 7
Suppose 3*q + q - l = 718, 0 = 2*q - 3*l - 354. What are the prime factors of q?
2, 3, 5
What are the prime factors of (6/15)/((-2)/(-10)) + 8?
2, 5
Let x be 5 - 5/((-5)/(-2)). Let r be (-26)/(-9)*3*x. Let a = 38 - r. List the prime factors of a.
2, 3
Suppose 449 = -11*f + 2957. What are the prime factors of f?
2, 3, 19
Let y(q) = 25*q - 7. Let u(m) = -8*m. Let c(j) = 17*j + 1. Let h(t) = -2*c(t) - 5*u(t). Let x(p) = 9*h(p) - 2*y(p). List the prime factors of x(4).
2, 3
Let l be 62/(4/(-10)*-5). What are the prime factors of l + 2 + (3 - 4)?
2
Let x(d) = -4*d - 20. List the prime factors of x(-16).
2, 11
Let c = 42 - 30. Suppose -r + c = 3*r. What are the prime factors of r?
3
Suppose 0*y + 7 = -2*y - 3*b, 29 = y - 5*b. Suppose 4*n + 0 - y = 0. List the prime factors of 18 - (0/n + 2).
2
Suppose -5*j + 3*j - 207 = -5*o, 4*o = -j + 176. What are the prime factors of o?
43
Let z be -1 + 2 - 0 - -20. Let b = z + -11. Suppose 5 = 3*k - b. W